(2 + 1) is divided by m(-6)?
16
Let v = -208 - -326. Let u = v - 104. What is the remainder when 39 is divided by u?
11
Suppose 835 + 821 = -47*d + 65*d. Let q(y) = y**2 - 4*y - 1. What is the remainder when d is divided by q(-4)?
30
Let g(p) = p**3 + 4*p**2 + 2*p + 1. Let v be g(-3). Let n = -17 - -21. Suppose 3*x = v*x - n. What is the remainder when x is divided by 2?
0
Calculate the remainder when 273 is divided by 30*(-9)/(-4) + 21/14.
66
Calculate the remainder when (-2)/(-5) + 5321/85 is divided by 3.
0
Suppose -202*g + 204*g - 96 = 0. Suppose 13 = 3*a - 17. Calculate the remainder when g is divided by a.
8
Suppose -3*t + 63 = -3*d + 5*d, -76 = -4*d + 4*t. Suppose 26*r - 28*r = -28. Calculate the remainder when d is divided by r.
10
Suppose -9 - 7 = -s. Suppose -3*x = -2 - s. Let v = 19 - x. What is the remainder when 50 is divided by v?
11
Suppose g + 9 = -2*g. Let k = 20 - 14. Calculate the remainder when g/2*(-14 - k) is divided by 11.
8
Let o(v) = 7*v + 13. Let k be o(-3). Calculate the remainder when 91 is divided by 84/4 + (-1)/(4/k).
22
Suppose -24*r - 12*r = -3852. What is the remainder when r is divided by 19?
12
Let c(r) = 23*r**3 - r**2 + r - 1. Let o = 23 + -21. Suppose 0*q - o = -2*q. Calculate the remainder when 43 is divided by c(q).
21
Let g be ((-10)/4)/((-3)/12). Suppose -3*t = -g - 29. What is the remainder when t is divided by 5?
3
Let o = 887 + -805. What is the remainder when 175 is divided by o?
11
Suppose 3*g - 5*i - 18 = -2*i, -5*g + 3*i = -34. Let d be (g/2 + -3)*3. What is the remainder when 0 + 11 - (2 - d) is divided by 5?
2
Let b(w) = w**3 + 9*w**2 + 6*w - 1. What is the remainder when b(-6) is divided by 45*2*(-2)/(-10)?
17
Let k = 21 - 43. Let s = -71 + 115. What is the remainder when (-722)/k + 8/s is divided by 12?
9
Let z = -24 + 66. What is the remainder when 59 is divided by z?
17
Suppose -2*f - 111 = -5*f. Suppose -m + 5*m - 76 = 0. Let i = m - 6. Calculate the remainder when f is divided by i.
11
Let d = 176 + -170. Calculate the remainder when 11 is divided by d.
5
Suppose 4*y - 36 = -0*y. Let q(f) = 7*f**2 + 52*f + 105. Calculate the remainder when q(-2) is divided by y.
2
Suppose 9*r + 23 = x + 6*r, -18 = -x + 2*r. Calculate the remainder when 7/((-252)/x) + 2800/45 is divided by 21.
20
Let q(l) = -5*l + 1. Let a be q(-1). Suppose 4*o + a = 3*d - 9, -14 = -5*d + 3*o. What is the remainder when 3 is divided by d?
0
What is the remainder when (21/(-4))/((-2)/16) is divided by ((-2)/4)/((-44)/1320)?
12
Suppose -45 = -g + 6*g. Let w be -6*(15/g + 1). Suppose w*a + 5*u = 341, 7*u - 2*u + 15 = 0. What is the remainder when a is divided by 30?
29
Let z = -25 - -25. Suppose 2*f + 4*r - 1508 = -0*r, z = 4*f + 2*r - 3016. Calculate the remainder when f/6 + 4/(-6) is divided by 32.
29
Suppose 3*u + 20 = 8*u. Suppose 5*h - h = g + 11, 0 = -u*h + 4*g - 4. Suppose -h*s = s - 415. Calculate the remainder when s is divided by 28.
27
Let b(u) = -u**3 + 10*u**2 - 17*u - 20. Let k be b(9). Let p = 114 + k. What is the remainder when 41 is divided by p?
19
Let g be ((-98)/6)/(-7) - 4/(-6). Suppose -m = g*m - 132. What is the remainder when m is divided by 9?
6
Let w(y) = 24*y**2 - 18 - 38*y**2 - 2*y + 17*y**2. Let q(d) = -d**3 + 7*d**2 - 6*d - 4. Calculate the remainder when w(5) is divided by q(5).
15
Suppose z + 3 - 4 = 0. Calculate the remainder when (-1*5 - z)*(-969)/34 is divided by 43.
42
Let f be 0 - (-4 + 2)/2. Let k be f/3 - (-274)/6. Suppose 3*l + 7 - k = 0. Calculate the remainder when 22 is divided by l.
9
Let k = -118 + 296. Suppose -5*f + k = 18. Calculate the remainder when 125 is divided by f.
29
Suppose 50*z - 340 = 16*z. What is the remainder when z is divided by (-6 - 0)*(-4)/3?
2
Suppose -34*b + 1824 = -80. Calculate the remainder when 444 is divided by b.
52
Let t be 39/9*((18 - 1) + 1). What is the remainder when 84 is divided by ((-13)/(t/20))/((-2)/18)?
24
Let d(a) = a**2 + 7*a + 13. What is the remainder when d(-6) is divided by 1?
0
Let d(v) = 16*v. Let k be d(1). Let q = 64 - k. Calculate the remainder when q is divided by 7.
6
Let v(y) = 161*y**2 + 7*y - 2. Calculate the remainder when 601 is divided by v(-1).
145
Calculate the remainder when 103 is divided by (-4)/(-6) - 407/(-33).
12
Suppose -u + 4*x = 4*u - 451, 2*u - 166 = -2*x. What is the remainder when u is divided by ((-48)/96)/((-2)/72)?
15
Let h(u) = 3*u**2 + 29*u + 11. Calculate the remainder when h(7) is divided by 46.
39
Suppose 8 = -r + 5*r. Suppose r*a + 0*a + 24 = 0. Calculate the remainder when 43 is divided by ((-20)/(-8))/((-2)/a).
13
Suppose u - 88 = 4*f, -2*u - f - 17 = -238. What is the remainder when u is divided by 38?
32
Let q(f) = f**3 - 46*f**2 + 2*f + 21. What is the remainder when 352 is divided by q(46)?
13
Suppose 5*b + 5 = 5*z, -2*z + 4*z = 3*b + 1. Let x be (14/(-5) - -3) + 9/5. Suppose 0 = c + x - 11. Calculate the remainder when c is divided by z.
1
Let b(m) = -34*m**2 - 8 - 6*m + 33*m**2 - 4*m. Let u = -9 + 2. What is the remainder when b(u) is divided by 5?
3
What is the remainder when 29/(1/(-24)*-3) is divided by 79?
74
Suppose -57*r + 7096 = 1225. Let q = -2 - -7. Suppose 2*c + 24 + 26 = 2*o, -q*o + 126 = -4*c. Calculate the remainder when r is divided by o.
25
What is the remainder when (-22265)/(-60) - 6/72 is divided by 94?
89
Let r(z) = 2*z**2 + 14*z + 35. Calculate the remainder when 160 is divided by r(-6).
22
What is the remainder when (5/((-10)/(-108)))/((-34)/(-51)) is divided by 44?
37
Let q(u) = -u**2 + 20*u - 63. Calculate the remainder when q(9) is divided by 5.
1
Let f = 531 - 487. Let n = -24 - -40. What is the remainder when f is divided by n?
12
Calculate the remainder when (-75)/(-24) - (-6)/(-48) is divided by 1.
0
Let h(x) = x**2 - 22*x + 86. Let b = 120 - 74. What is the remainder when b is divided by h(18)?
4
Let p(v) = 8*v**2 + 46*v + 44. Calculate the remainder when (2 + (-32)/6)*-3 is divided by p(-1).
4
Suppose -4*d - 4*o = -72, 7*o - 16 = 3*o. Suppose 2*u = -3*r + 2*r + 9, -2*r = -6. What is the remainder when d is divided by u?
2
Suppose d + 4 - 7 = 0. Suppose -m = m - d*v - 37, m - 19 = v. Let c = -7 - -43. Calculate the remainder when c is divided by m.
16
Let x be 5899/102 - (0 + 2/(-12)). Suppose -2*s + b + b = -x, 5*b - 71 = -4*s. What is the remainder when 45 is divided by s?
21
Calculate the remainder when 444 is divided by 1100/(-198)*(-9 + 0).
44
Suppose -4*s + 2 - 22 = 0. Let z be 2 + (-96)/4*8/(-12). Let n = s + z. What is the remainder when 24 is divided by n?
11
Let w(v) = -v + 36. Let h be 1*(-25 - (-4)/1). Let k = h - -40. Calculate the remainder when w(0) is divided by k.
17
What is the remainder when 79 is divided by (-2 - 0)*((-117)/18 + 2)?
7
Let n(y) = y - 14. Let r be n(10). Let q(f) = f**2 + 3*f. Let o be q(-4). Let s = o - r. What is the remainder when 15 is divided by s?
7
Let x be 2/8 + (-441)/36. Let b be 18/x*8/(-6). Suppose -5*v - 2*t + 73 = 0, 5*v - b*t + 3*t - 74 = 0. Calculate the remainder when 56 is divided by v.
11
Suppose -4*x - 68 = 56. Let l = 46 + x. Calculate the remainder when l is divided by 12*(0 + (-2)/12*-3).
3
Let p = 174 + -173. What is the remainder when 18 is divided by p?
0
Let w = -58 + 80. What is the remainder when 86 is divided by w?
20
Let u be (-2)/(-12) - 245/(-42). Let v(c) = -c + 11. Let n be v(u). Suppose 33 = h + 5*r - 23, -n*r - 5 = 0. What is the remainder when h is divided by 16?
13
Suppose -4*x + 3*l + 671 = 8*l, -2*x = 3*l - 333. Suppose -5*a - s + 258 = 30, 2*s + x = 4*a. What is the remainder when a is divided by 12?
9
Let r(h) = -h + 16. Let c be r(11). Suppose -2*x + 498 = -c*s, -3*x - 249 = -4*x + 3*s. Suppose 0 = g - 4*g + x. What is the remainder when g is divided by 21?
20
Let p be -5 + 7 + -1*1. Let n(a) = 20*a**2 - 2*a + 1. Let k(v) = 2*v**3 - 30*v**2 + 6*v - 36. Calculate the remainder when k(15) is divided by n(p).
16
Calculate the remainder when 19 is divided by ((-2 - 7) + 1)*(-2)/2.
3
Let p(o) = 48*o - 4. What is the remainder when p(3) is divided by 24?
20
Suppose -9*c = 2*c - 132. Calculate the remainder when 21 is divided by c.
9
Let z(x) = -x**2 - 102*x - 648. Calculate the remainder when 363 is divided by z(-7).
6
Suppose -5*t + 8*z = 3*z - 150, 4*t + 2*z = 126. Suppose -5*c - 60 = 